What is the remainder when 3620 is divided by 17?
16
Calculate the remainder when 207 is divided by 8.
7
Calculate the remainder when 377 is divided by 38.
35
What is the remainder when 1309 is divided by 57?
55
Calculate the remainder when 2685 is divided by 23.
17
What is the remainder when 46 is divided by 8?
6
Calculate the remainder when 77 is divided by 39.
38
What is the remainder when 1377 is divided by 115?
112
What is the remainder when 333 is divided by 51?
27
Calculate the remainder when 1558 is divided by 17.
11
Calculate the remainder when 147 is divided by 19.
14
What is the remainder when 9438 is divided by 32?
30
What is the remainder when 660 is divided by 133?
128
Calculate the remainder when 1320 is divided by 104.
72
Calculate the remainder when 795 is divided by 21.
18
What is the remainder when 327 is divided by 41?
40
Calculate the remainder when 797 is divided by 20.
17
What is the remainder when 3226 is divided by 67?
10
What is the remainder when 323 is divided by 33?
26
What is the remainder when 7153 is divided by 40?
33
Calculate the remainder when 1804 is divided by 358.
14
Calculate the remainder when 17 is divided by 9.
8
Calculate the remainder when 469 is divided by 79.
74
What is the remainder when 2235 is divided by 17?
8
What is the remainder when 51 is divided by 47?
4
What is the remainder when 299 is divided by 100?
99
What is the remainder when 414 is divided by 80?
14
What is the remainder when 268 is divided by 54?
52
Calculate the remainder when 351 is divided by 3.
0
Calculate the remainder when 6019 is divided by 215.
214
What is the remainder when 103 is divided by 65?
38
What is the remainder when 543 is divided by 180?
3
Calculate the remainder when 302 is divided by 103.
96
Calculate the remainder when 2911 is divided by 104.
103
What is the remainder when 1282 is divided by 1278?
4
What is the remainder when 327 is divided by 63?
12
Calculate the remainder when 74 is divided by 5.
4
What is the remainder when 291 is divided by 3?
0
Calculate the remainder when 99 is divided by 51.
48
Calculate the remainder when 378 is divided by 76.
74
Calculate the remainder when 271 is divided by 9.
1
Calculate the remainder when 442 is divided by 46.
28
Calculate the remainder when 234 is divided by 219.
15
Calculate the remainder when 2196 is divided by 25.
21
Calculate the remainder when 921 is divided by 47.
28
What is the remainder when 1885 is divided by 470?
5
Calculate the remainder when 349 is divided by 39.
37
What is the remainder when 511 is divided by 102?
1
Calculate the remainder when 4173 is divided by 596.
1
What is the remainder when 1226 is divided by 56?
50
What is the remainder when 89 is divided by 11?
1
Calculate the remainder when 32447 is divided by 156.
155
Calculate the remainder when 845 is divided by 40.
5
Calculate the remainder when 420 is divided by 71.
65
Calculate the remainder when 861 is divided by 27.
24
Calculate the remainder when 677 is divided by 137.
129
Calculate the remainder when 3598 is divided by 20.
18
Calculate the remainder when 115 is divided by 15.
10
What is the remainder when 504 is divided by 202?
100
Calculate the remainder when 72 is divided by 70.
2
Calculate the remainder when 1541 is divided by 18.
11
What is the remainder when 359 is divided by 24?
23
Calculate the remainder when 395 is divided by 20.
15
What is the remainder when 921 is divided by 890?
31
What is the remainder when 2715 is divided by 14?
13
What is the remainder when 582 is divided by 156?
114
What is the remainder when 179 is divided by 64?
51
Calculate the remainder when 3009 is divided by 45.
39
Calculate the remainder when 340 is divided by 11.
10
What is the remainder when 1841 is divided by 11?
4
Calculate the remainder when 2378 is divided by 28.
26
Calculate the remainder when 211 is divided by 43.
39
Calculate the remainder when 123 is divided by 43.
37
What is the remainder when 5772 is divided by 25?
22
What is the remainder when 938 is divided by 59?
53
What is the remainder when 4317 is divided by 18?
15
What is the remainder when 420 is divided by 106?
102
What is the remainder when 230 is divided by 24?
14
Calculate the remainder when 295 is divided by 34.
23
Calculate the remainder when 610 is divided by 596.
14
Calculate the remainder when 28 is divided by 5.
3
Calculate the remainder when 282 is divided by 264.
18
What is the remainder when 1113 is divided by 4?
1
Calculate the remainder when 355 is divided by 26.
17
Calculate the remainder when 448 is divided by 22.
8
What is the remainder when 466 is divided by 24?
10
Calculate the remainder when 309 is divided by 124.
61
What is the remainder when 2733 is divided by 306?
285
Calculate the remainder when 616 is divided by 24.
16
What is the remainder when 793 is divided by 3?
1
Calculate the remainder when 2603 is divided by 65.
3
Calculate the remainder when 144 is divided by 44.
12
Calculate the remainder when 568 is divided by 173.
49
What is the remainder when 427 is divided by 30?
7
Calculate the remainder when 271 is divided by 64.
15
What is the remainder when 313 is divided by 5?
3
What is the remainder when 556 is divided by 28?
24
What is the remainder when 419 is divided by 15?
14
What is the remainder when 2922 is divided by 79?
78
Calculate the remainder when 44 is divided by 10.
4
What is the remainder when 16 is divided by 9?
7
What is the remainder when 2814 is divided by 64?
62
What is the remainder when 2683 is divided by 245?
233
What is the remainder when 1406 is divided by 24?
14
What is the remainder when 1547 is divided by 47?
43
Calculate the remainder when 113 is divided by 40.
33
Calculate the remainder when 63 is divided by 11.
8
Calculate the remainder when 50 is divided by 16.
2
What is the remainder when 8767 is divided by 2918?
13
Calculate the remainder when 184 is divided by 16.
8
What is the remainder when 1616 is divided by 81?
77
Calculate the remainder when 2552 is divided by 27.
14
Calculate the remainder when 681 is divided by 52.
5
What is the remainder when 490 is divided by 149?
43
Calculate the remainder when 1430 is divided by 20.
10
What is the remainder when 4127 is divided by 35?
32
What is the remainder when 100 is divided by 15?
10
Calculate the remainder when 187 is divided by 64.
59
Calculate the remainder when 978 is divided by 82.
76
Calculate the remainder when 71 is divided by 27.
17
Calculate the remainder when 897 is divided by 21.
15
Calculate the remainder when 407 is divided by 6.
5
What is the remainder when 8892 is divided by 278?
274
Calculate the remainder when 89 is divided by 55.
34
Calculate the remainder when 310 is divided by 24.
22
Calculate the remainder when 270 is divided by 41.
24
Calculate the remainder when 789 is divided by 36.
33
What is the remainder when 34 is divided by 7?
6
Calculate the remainder when 399 is divided by 152.
95
What is the remainder when 795 is divided by 14?
11
What is the remainder when 2179 is divided by 26?
21
Calculate the remainder when 10827 is divided by 17.
15
What is the remainder when 237 is divided by 6?
3
What is the remainder when 23 is divided by 15?
8
What is the remainder when 65 is divided by 33?
32
Calculate the remainder when 1194 is divided by 24.
18
Calculate the remainder when 226 is divided by 33.
28
Calculate the remainder when 4675 is divided by 40.
35
What is the remainder when 1654 is divided by 3?
1
Calculate the remainder when 151 is divided by 53.
45
Calculate the remainder when 650 is divided by 123.
35
What is the remainder when 824 is divided by 272?
8
Calculate the remainder when 1453 is divided by 17.
8
Calculate the remainder when 100 is divided by 40.
20
Calculate the remainder when 27 is divided by 4.
3
Calculate the remainder when 286 is divided by 147.
139
Calculate the remainder when 530 is divided by 4.
2
Calculate the remainder when 7205 is divided by 81.
77
What is the remainder when 374 is divided by 107?
53
Calculate the remainder when 14 is divided by 13.
1
Calculate the remainder when 182 is divided by 167.
15
What is the remainder when 131 is divided by 74?
57
Calculate the remainder when 121 is divided by 64.
57
Calculate the remainder when 155 is divided b